. Let o be d(l). Let p = -13 + o. Calculate the remainder when p is divided by 8.
7
Suppose 0 = a + y + 4, 0 = y - 2. What is the remainder when (112/(-20))/((-4)/30) is divided by (22/a)/(3/(-9))?
9
Let i = -36 + 43. Let o be (3 + -4)/((-2)/118). Let t = o + -39. Calculate the remainder when t is divided by i.
6
Suppose 3*m = 2*m - 3*n - 6, 3*m + 14 = -5*n. Let g = m - -5. What is the remainder when 2 is divided by g?
0
Suppose -17*l = -18*l + 48. Calculate the remainder when 141 is divided by l.
45
Suppose 0 = -10*a + 6*a + 76. Calculate the remainder when a is divided by 17.
2
Let u(q) = q**2 - 7. What is the remainder when 51 is divided by u(-5)?
15
Let b be (-4)/14 + (-74)/(-14). Let j be ((-12)/(-15))/(2/b). Suppose -j*c - 36 = -5*c. What is the remainder when 35 is divided by c?
11
Suppose 0 = 5*u + 5*f - 5, -5*u - 2*f = -3*f - 23. Suppose 110 = 5*b + u*x, 4*b = -x + 3*x + 114. What is the remainder when b is divided by 9?
8
Suppose -3*a - 100 = a. Let r = 35 + a. Calculate the remainder when 1 is divided by (-4)/10 + 14/r.
0
Let o(m) = -m**2 + 13*m - 4. Let a(p) = p**2 - 12*p + 3. Let w(j) = -7*a(j) - 6*o(j). What is the remainder when w(6) is divided by 2?
1
Let y = 55 + -31. Let w be 256/y - (-2)/(-3). Suppose 0 = -2*p - 5*i + 8, -3*i - 5 = -p + w. Calculate the remainder when 26 is divided by p.
8
Suppose -2*a + 2*w - 6*w = -10, 2*w = 2*a + 14. Let n(l) = 4*l**2 + 3*l - 3. What is the remainder when n(a) is divided by 13?
11
Let s = 13 - 21. Let u = s - -8. Suppose u*x = 2*x - z - 15, -2*z + 5 = x. What is the remainder when 25 is divided by x?
4
Calculate the remainder when 33 is divided by (-1)/(-2) + 70/4.
15
Suppose -6*a + 12 = -2*a. What is the remainder when 13 is divided by a?
1
Suppose y - 86 = -3*j, -116 = -4*j - 2*y + y. Calculate the remainder when j is divided by 8.
6
Suppose d - 25 = -3*h, 3*d - 4 - 8 = 0. Let y(o) = o - 1. Let u be ((-3)/6)/(2/(-12)). What is the remainder when h is divided by y(u)?
1
Let g = -65 - -109. Calculate the remainder when g is divided by 16.
12
Suppose -5*q - w + 23 = -23, -5*q + w + 44 = 0. Calculate the remainder when 8*-1*2*-1 is divided by q.
7
Let w(q) = -q - 13. Let y be w(-11). What is the remainder when 42 is divided by -5*-1*(5 + y)?
12
Let z be 2/6*(6 - -3). Suppose 2*m - z*x = 15, 2*x - 3*x - 57 = -5*m. Let u(c) = c**2 - 5*c + 1. Calculate the remainder when m is divided by u(6).
5
Calculate the remainder when 2/8 + 22/8 is divided by 1.
0
Suppose -6*v = -3*v - 63. Suppose -2*w + 17 = 5. Calculate the remainder when v is divided by w.
3
Let r(p) = p**2 - 2*p + 8. Calculate the remainder when 15 is divided by r(2).
7
Suppose -8 = -3*w + 7. Suppose -52 = -5*t - z + 53, -5*t + 105 = -w*z. Let q(s) = -61*s**3 - s**2 - 2*s - 1. Calculate the remainder when q(-1) is divided by t.
19
Suppose -9 + 34 = 5*o. Calculate the remainder when 27 is divided by o.
2
Let s(x) be the first derivative of 2*x**3/3 + 4*x**2 - 11*x - 10. What is the remainder when s(-7) is divided by 8?
7
Let q(x) = 4*x**3 + 2*x**2 - x - 7. Let d(y) = 9*y**3 + 3*y**2 - y - 14. Let l(u) = 3*d(u) - 7*q(u). What is the remainder when 54 is divided by l(-6)?
16
Suppose 2*w + 6 = 0, -4*w + 9 = k - 0. Suppose 4*a + 10 - 54 = 0. What is the remainder when k is divided by a?
10
Suppose -l - 2*b = -0*l - 11, l - 2*b - 15 = 0. Calculate the remainder when 23 is divided by l.
10
Suppose 0 = 3*u + 2*t - 27, 3*t + t = -3*u + 27. Calculate the remainder when u is divided by 8/(-6)*(2 + -5).
1
Suppose 0 = -3*x - 0*x + 15. Calculate the remainder when 14 is divided by x.
4
Suppose 3*w + w = 12. Let q(c) = -c + 5. Let t be q(0). Suppose -3*r - 2*v + 15 - 1 = 0, 17 = 3*r + t*v. Calculate the remainder when r is divided by w.
1
Calculate the remainder when 85 is divided by ((-132)/(-24))/((-1)/(-4)).
19
Let r = 2 + 0. Suppose -r*d = 3*d - 60. Suppose 2*q = -5*b + 34, -3*b - 6 = -0. Calculate the remainder when q is divided by d.
10
Suppose 5*l - 10 = -b, 2*l = b - 2 - 1. Suppose 4*r - 59 = 5*f - 6, -b*f + 32 = r. Suppose -3*s = -7 - 8. Calculate the remainder when r is divided by s.
2
Suppose -4*q - 11 = 33. Let j = 29 + q. What is the remainder when j is divided by 5?
3
Calculate the remainder when 4/14 - 1542/(-42) is divided by 20.
17
Suppose -3*g = -y - y - 256, -g + 104 = 4*y. What is the remainder when g is divided by 23?
19
Let m = 87 - 86. Calculate the remainder when 4 is divided by m.
0
Suppose 108 = 7*o - 3*o. Let x(d) = 80*d**2 - 2*d - 2. Calculate the remainder when x(-1) is divided by o.
26
Suppose 4*q - 16 = 3*j, -3*q + 6 + 6 = j. Suppose q*l - 132 = 5*n, 4*l - n - 55 = 93. What is the remainder when l is divided by 13?
12
Suppose -6*q + 3*q + 33 = 0. Let v(s) = -s + 14. Let f = -6 - -8. What is the remainder when v(q) is divided by f?
1
Let j = 450 - 133. What is the remainder when j is divided by 53?
52
Suppose 19*m + 192 = 25*m. What is the remainder when 189 is divided by m?
29
Suppose 3*t - 28 = 107. Let s(n) = 3*n**3 + 2*n**2 + n. Let p be s(2). Suppose 2*f - 12 = p. What is the remainder when t is divided by f?
22
Let j(h) = -5*h - 7. Calculate the remainder when j(-7) is divided by 6.
4
Suppose -34 = v - 105. Let q(j) = j. What is the remainder when v is divided by q(18)?
17
Suppose 0 = -2*p - 3 + 23. Let s = 24 + 12. What is the remainder when s is divided by p?
6
What is the remainder when 72 is divided by 2*12/(-8) + 28?
22
Let s(d) = 7*d - 4. Let w(v) = v**3 - 5*v**2 + 5*v - 6. Let j be w(4). What is the remainder when s(8) is divided by (j + 4)*-9*-1?
16
Suppose -3*d + 2*x + 143 = -2*x, 2*x = 8. What is the remainder when d is divided by 28?
25
Suppose -3*s + 4*r = -25, -13 = -3*s + 2*r - r. Suppose -5*n = -i - 14 - 19, 2*i + s = n. Calculate the remainder when n is divided by 5.
2
Suppose q + 2*q = -5*j + 537, 4*j - 437 = 5*q. What is the remainder when j is divided by 28?
24
Suppose -3 = -4*i + 5. Suppose i*o + 80 = 7*o. Let y = -305 + 314. What is the remainder when o is divided by y?
7
Let f(l) = 15*l**2 + 3*l + 3. Calculate the remainder when f(-1) is divided by 8.
7
Suppose 3*a - 104 = -a. Suppose -4*m + a + 38 = 0. What is the remainder when 30 is divided by m?
14
Let t = 19 - 6. Let m = 7 - -25. Suppose -4 = -a, 3*a - m - 1 = -3*b. What is the remainder when t is divided by b?
6
Suppose -5 = 4*r - 9*r. Suppose -5*u + r + 9 = 0. Suppose 0*k = -2*k + 10. What is the remainder when k is divided by u?
1
Let n(g) = 9*g + 2. Let y(f) = -f**2 - 8*f - 9. Let c be y(-6). What is the remainder when n(8) is divided by c/(-6) + (-51)/(-2)?
24
What is the remainder when (88/12)/((-4)/(-36)) is divided by 23?
20
Let b be 57/(-21) + 6/(-21). Let i = 6 + b. Suppose 36 = -0*s + i*s. What is the remainder when s is divided by 7?
5
Let h = -2 - -6. Suppose 17 = h*i - 3*i. Calculate the remainder when i is divided by 6.
5
Suppose 0 = -5*y + 19 + 1. Suppose y*t - 5*h = 71, 5*h + 6 = 3*h. Let c = 15 - -26. Calculate the remainder when c is divided by t.
13
Let q = 14 + -5. Suppose h = 3*a + q + 2, -a + 19 = h. Let i(m) = -m**2 + 12*m - 3. What is the remainder when i(6) is divided by h?
16
Let k(f) = -2*f - 9. Let n(w) = -w - 9. Let r(h) = 5*k(h) - 6*n(h). Suppose 0 = 5*s - 0*s - 65. Calculate the remainder when r(-7) is divided by s.
11
Suppose u - 3*u = -3*v - 22, 0 = 2*v - 2*u + 16. Suppose -36 = -0*a - 4*a. Let i = a + v. Calculate the remainder when i is divided by 2.
1
Let t be (0*(-2)/4)/1. Suppose 3*n - 12 = -2*b, t = n + n + 4*b. What is the remainder when 22 is divided by n?
4
Suppose 0 = -2*t - b + 5, 4*t + 5*b = 2*t - 7. Suppose -3*u = -t*u. Suppose 64 = 4*f - u*f. What is the remainder when f is divided by 9?
7
Suppose 48 = 4*m - 12. Calculate the remainder when (1 + -5)/((-6)/63) is divided by m.
12
Let p = -36 + 62. What is the remainder when 128 is divided by p?
24
Suppose 0 = -4*g + 7*g - 12. Let j be 1*(0 + -1) - -7. What is the remainder when (28/6)/(g/j) is divided by 4?
3
Suppose 0 = -2*c - 6*l + 3*l + 85, -3*c + 2*l = -147. Suppose 0 = 3*j - 21 - 27. What is the remainder when c is divided by j?
15
Let q(o) = -o + 22. Calculate the remainder when 50 is divided by q(5).
16
Let o(p) = -p**3 + 8*p**2 - 3*p - 4. What is the remainder when o(6) is divided by 26?
24
Suppose 0 = -3*y - 3, 0*m + 82 = 5*m +